{"id":388,"date":"2024-10-31T20:21:26","date_gmt":"2024-10-31T19:21:26","guid":{"rendered":"https:\/\/vekstfri.no\/?page_id=388"},"modified":"2025-02-17T21:27:20","modified_gmt":"2025-02-17T20:27:20","slug":"arrangementer","status":"publish","type":"page","link":"https:\/\/vekstfri.no\/index.php\/arrangementer\/","title":{"rendered":"Arrangementer"},"content":{"rendered":"\n<h4 class=\"wp-block-heading has-medium-font-size\">Building socially just postgrowth futures &#8211; linking theory and action<\/h4>\n\n\n\n<p>Vi inviterer til samarbeid om den 18. konferansen for den internasjonale foreningen for \u00f8kologisk \u00f8konomi og den 11. internasjonale konferansen for vekstfri utvikling p\u00e5 Blindern i Oslo, 24. &#8211; 27. juni 2025.<\/p>\n\n\n\n<p>Med tittelen \u201cBuilding socially just post-growth futures &#8211; linking theory and action\u201d, \u00f8nsker vi \u00e5 skape en konferanse som kan inspirere til handling for gjennomgripende samfunnsendringer, i n\u00e6rt samarbeid med beslutningstakere og sivilsamfunn. Kunnskap om \u00f8kologisk \u00f8konomi og vekstfri utvikling er viktig for \u00e5 forst\u00e5 mulige alternativer til dagens dominerende fortelling om \u00abgr\u00f8nn vekst\u00bb. Dette kommer eksempelvis til syne gjennom \u00f8kende s\u00f8kelys p\u00e5 vekstfri utvikling i <a href=\"https:\/\/www.beyond-growth-2023.eu\/\" data-type=\"link\" data-id=\"https:\/\/www.beyond-growth-2023.eu\/\" target=\"_blank\" rel=\"noreferrer noopener\">EU parlamentet<\/a> og <a href=\"https:\/\/friendsoftheearth.eu\/news\/launching-beyond-growth-conferences-accross-europe\/\" data-type=\"link\" data-id=\"https:\/\/friendsoftheearth.eu\/news\/launching-beyond-growth-conferences-accross-europe\/\" target=\"_blank\" rel=\"noreferrer noopener\">nasjonale initiativ i Europa<\/a>.<\/p>\n\n\n\n<p><a href=\"https:\/\/isee-degrowth2025.no\/\" data-type=\"link\" data-id=\"https:\/\/isee-degrowth2025.no\/\" target=\"_blank\" rel=\"noreferrer noopener\">Les mer p\u00e5 konferansens nettsider her<\/a><\/p>\n\n\n\n<figure class=\"wp-block-image size-full\"><img loading=\"lazy\" decoding=\"async\" width=\"1871\" height=\"884\" src=\"https:\/\/vekstfri.no\/wp-content\/uploads\/2025\/02\/netsside.jpg\" alt=\"\" class=\"wp-image-454\" srcset=\"https:\/\/vekstfri.no\/wp-content\/uploads\/2025\/02\/netsside.jpg 1871w, https:\/\/vekstfri.no\/wp-content\/uploads\/2025\/02\/netsside-300x142.jpg 300w, https:\/\/vekstfri.no\/wp-content\/uploads\/2025\/02\/netsside-1024x484.jpg 1024w, https:\/\/vekstfri.no\/wp-content\/uploads\/2025\/02\/netsside-768x363.jpg 768w, https:\/\/vekstfri.no\/wp-content\/uploads\/2025\/02\/netsside-1536x726.jpg 1536w\" sizes=\"auto, (max-width: 1871px) 100vw, 1871px\" \/><\/figure>\n","protected":false},"excerpt":{"rendered":"<p>Building socially just postgrowth futures &#8211; linking theory and action Vi inviterer til samarbeid om den 18. konferansen for den internasjonale foreningen for \u00f8kologisk \u00f8konomi og den 11. internasjonale konferansen for vekstfri utvikling p\u00e5 Blindern i Oslo, 24. &#8211; 27. juni 2025. Med tittelen \u201cBuilding socially just post-growth futures &#8211; linking theory and action\u201d, \u00f8nsker [&hellip;]<\/p>\n","protected":false},"author":3,"featured_media":0,"parent":0,"menu_order":0,"comment_status":"closed","ping_status":"closed","template":"","meta":{"_themeisle_gutenberg_block_has_review":false,"footnotes":""},"class_list":["post-388","page","type-page","status-publish","hentry"],"_links":{"self":[{"href":"https:\/\/vekstfri.no\/index.php\/wp-json\/wp\/v2\/pages\/388","targetHints":{"allow":["GET"]}}],"collection":[{"href":"https:\/\/vekstfri.no\/index.php\/wp-json\/wp\/v2\/pages"}],"about":[{"href":"https:\/\/vekstfri.no\/index.php\/wp-json\/wp\/v2\/types\/page"}],"author":[{"embeddable":true,"href":"https:\/\/vekstfri.no\/index.php\/wp-json\/wp\/v2\/users\/3"}],"replies":[{"embeddable":true,"href":"https:\/\/vekstfri.no\/index.php\/wp-json\/wp\/v2\/comments?post=388"}],"version-history":[{"count":4,"href":"https:\/\/vekstfri.no\/index.php\/wp-json\/wp\/v2\/pages\/388\/revisions"}],"predecessor-version":[{"id":455,"href":"https:\/\/vekstfri.no\/index.php\/wp-json\/wp\/v2\/pages\/388\/revisions\/455"}],"wp:attachment":[{"href":"https:\/\/vekstfri.no\/index.php\/wp-json\/wp\/v2\/media?parent=388"}],"curies":[{"name":"wp","href":"https:\/\/api.w.org\/{rel}","templated":true}]}}