{"id":345,"date":"2024-03-07T17:48:12","date_gmt":"2024-03-07T16:48:12","guid":{"rendered":"https:\/\/degrowth.no\/?page_id=345"},"modified":"2025-01-09T16:13:16","modified_gmt":"2025-01-09T15:13:16","slug":"formal","status":"publish","type":"page","link":"https:\/\/vekstfri.no\/index.php\/om\/formal\/","title":{"rendered":"Form\u00e5l"},"content":{"rendered":"\n<h4 id=\"wp-block-themeisle-blocks-advanced-heading-36762966\" class=\"wp-block-themeisle-blocks-advanced-heading wp-block-themeisle-blocks-advanced-heading-36762966\">Form\u00e5l<\/h4>\n\n\n\n<p class=\"has-normal-font-size\" style=\"font-style:normal;font-weight:400\">\u00abVekstfri Norge\u00bb er et nettverk inspirert av den internasjonale vekstfri-bevegelsen (the degrowth movement). Vi mener det er behov for gjennomgripende politiske og \u00f8konomiske endringer for \u00e5 frigj\u00f8re oss fra kapitalismen og den r\u00e5dende vekst-ideologien. Det er klart at den overhengende klima- og naturkrisen ikke kan l\u00f8ses innenfor et samfunnssystem basert p\u00e5 evig vekst. Samtidig skaper vekst-ideologien en rekke sosiale problemer.<\/p>\n\n\n\n<p class=\"has-normal-font-size\" style=\"font-style:normal;font-weight:400\">Nettverkets overordnede m\u00e5l er \u00e5 bidra til en vekstfri utvikling i Norge, dvs. en utvikling som prioriterer livskvalitet for alle og som tilrettelegger for gode liv med enkle midler. En slik utvikling m\u00e5 baseres p\u00e5 verdier som rettferdighet, solidaritet, n\u00f8ysomhet og respekt for alt liv. Vi samarbeider om \u00e5 fremme alternative ideer og konkrete politikkforslag til hvordan samfunnet kan organiseres etter slike verdier og prinsipper.<\/p>\n\n\n\n<p class=\"has-normal-font-size\" style=\"font-style:normal;font-weight:400\">\u00abVekstfri Norge\u00bb skal bidra til deltakende demokratisk debatt om hva slags framtid vi \u00f8nsker oss, hvordan endringer kan finne sted, og hvordan de kan skje p\u00e5 en m\u00e5te som respekterer b\u00e5de natur og mennesker.<\/p>\n","protected":false},"excerpt":{"rendered":"<p>\u00abVekstfri Norge\u00bb er et nettverk inspirert av den internasjonale vekstfri-bevegelsen (the degrowth movement). Vi mener det er behov for gjennomgripende politiske og \u00f8konomiske endringer for \u00e5 frigj\u00f8re oss fra kapitalismen og den r\u00e5dende vekst-ideologien. Det er klart at den overhengende klima- og naturkrisen ikke kan l\u00f8ses innenfor et samfunnssystem basert p\u00e5 evig vekst. Samtidig skaper [&hellip;]<\/p>\n","protected":false},"author":3,"featured_media":0,"parent":35,"menu_order":0,"comment_status":"closed","ping_status":"closed","template":"","meta":{"_themeisle_gutenberg_block_has_review":false,"footnotes":""},"class_list":["post-345","page","type-page","status-publish","hentry"],"_links":{"self":[{"href":"https:\/\/vekstfri.no\/index.php\/wp-json\/wp\/v2\/pages\/345","targetHints":{"allow":["GET"]}}],"collection":[{"href":"https:\/\/vekstfri.no\/index.php\/wp-json\/wp\/v2\/pages"}],"about":[{"href":"https:\/\/vekstfri.no\/index.php\/wp-json\/wp\/v2\/types\/page"}],"author":[{"embeddable":true,"href":"https:\/\/vekstfri.no\/index.php\/wp-json\/wp\/v2\/users\/3"}],"replies":[{"embeddable":true,"href":"https:\/\/vekstfri.no\/index.php\/wp-json\/wp\/v2\/comments?post=345"}],"version-history":[{"count":3,"href":"https:\/\/vekstfri.no\/index.php\/wp-json\/wp\/v2\/pages\/345\/revisions"}],"predecessor-version":[{"id":435,"href":"https:\/\/vekstfri.no\/index.php\/wp-json\/wp\/v2\/pages\/345\/revisions\/435"}],"up":[{"embeddable":true,"href":"https:\/\/vekstfri.no\/index.php\/wp-json\/wp\/v2\/pages\/35"}],"wp:attachment":[{"href":"https:\/\/vekstfri.no\/index.php\/wp-json\/wp\/v2\/media?parent=345"}],"curies":[{"name":"wp","href":"https:\/\/api.w.org\/{rel}","templated":true}]}}